is the greatest common divisor of x and p?
1
Suppose -4*g = -30 - 2. Let u(q) = q**2 - 5*q - 10. Let j be u(g). Let y = 636 + -580. What is the highest common divisor of y and j?
14
Let n = 2673 + -2650. Calculate the highest common factor of 1909 and n.
23
Let x be -4 + 3 + -4 - (-33)/(-1). Let q(y) = -2*y**2 - 94*y - 45. Let k be q(x). What is the greatest common factor of 9 and k?
9
Let w be (2 - (1 - 3))/2 - -2. Suppose q - t - 85 = 0, 0 = -3*t + w - 7. Calculate the greatest common factor of q and 56.
28
Suppose -4*j = 3*y - 104229, -2*j + 4*y + 31166 + 20910 = 0. What is the highest common divisor of 468 and j?
156
Suppose -5*j + 120 = 5*y, 3*y + j - 3*j - 67 = 0. Let z be (2 - -182) + (1 - 1). Calculate the highest common factor of y and z.
23
Suppose y - 31 - 113 = 0. Let p(w) = -w**2 - 31*w - 156. Let d be p(-24). Calculate the greatest common divisor of d and y.
12
Let t(a) = -6*a - 88. Let y be t(-15). Suppose 0*d - 24 = -2*o - y*d, 0 = 4*o - d - 48. Calculate the highest common divisor of 84 and o.
12
Suppose 105 = -266*t + 268*t + c, 3*c + 185 = 4*t. Let o be 327 + -2 + (0 - 0). Calculate the highest common divisor of t and o.
25
Let c be 4*(2 - (-102)/24). Suppose 7*t = 4*t + 15. Suppose 0 = -5*m + c, -2*l = -2*m + t*m - 47. What is the greatest common factor of 12 and l?
4
Let p = 3501 - 3496. Calculate the greatest common factor of 2 and p.
1
Let j(u) = -u**3 + 90*u**2 + 177*u + 6. Let c be j(-15). Calculate the highest common factor of 23 and c.
23
Let o = -37656 + 37866. Suppose -728 = -0*z - 3*z - 2*s, 3*z = -4*s + 736. Calculate the greatest common divisor of z and o.
30
Suppose -12*a + 4*q = -14*a + 68, -3*a + 72 = -4*q. What is the highest common factor of 630 and a?
14
Let n(x) = -161*x + 161. Let m(b) = 42*b - 8. Let w be m(0). Let u be n(w). What is the greatest common divisor of u and 23?
23
Suppose 2*s + 4*o - 20 = 0, s - 14*o + 14 = -10*o. Let m = -1 + 1. Suppose -s*b - b + 84 = m. What is the greatest common divisor of 8 and b?
4
Let x(o) = 32*o**2 - 8*o + 8. Let r be x(1). Suppose -r*p + 248 = -31*p. Let u(w) = -11*w - 2. Let a be u(-3). What is the highest common factor of p and a?
31
Let s be (28/21 - (-3 + 1))*(-666)/(-4). What is the highest common factor of 60 and s?
15
Let g(u) = 4 - 9*u + 13 - 2*u**2 - 8. Let a be g(-5). Suppose 2*i = 2*c + 80, 3*i - 5*c - 92 = i. Calculate the greatest common divisor of a and i.
4
Let f = 9340 + -8395. Calculate the greatest common factor of 420 and f.
105
Let s be 0 + 469 + 2 + 1. Let j = -40254 + 40270. Calculate the greatest common factor of j and s.
8
Let p be 1 + 5/(-7) - (-152)/7. Let g = p - -5. Suppose -g*r + 266 = -25*r. What is the greatest common factor of r and 19?
19
Suppose -6*b - 14*b + 4500 = 0. Let x be (-125)/(-10)*(-1 - -3). Calculate the highest common divisor of x and b.
25
Suppose 4*j - 13 - 203 = 0. Let z = 7 - 8. Let s be ((-9)/(-27))/(z/(-36)). What is the greatest common divisor of s and j?
6
Suppose 22*l + 1580 = 2520 + 2228. Calculate the greatest common factor of l and 216.
72
Suppose -12*v + 42*v = -69*v + 45936. Calculate the highest common factor of 377 and v.
29
Let g(m) = -9*m - 13. Let t be g(-2). Suppose 0 = t*k + 7 - 57. Calculate the highest common divisor of 90 and k.
10
Let c = 232 + -173. Suppose -c*z = -52*z - 35. What is the highest common divisor of z and 35?
5
Suppose 355*p = 501*p + 723*p - 834240. What is the greatest common divisor of p and 6560?
160
Suppose -1352*v + 1331*v + 378 = 0. What is the greatest common divisor of v and 22752?
18
Let s(q) = q**3 - 10*q**2 + 30*q - 20. Let o be s(6). Calculate the highest common factor of o and 268.
4
Suppose -3665 = -14*c - 193. Calculate the highest common factor of c and 1891.
31
Let o(q) = -q**3 - 18*q**2 - 24*q - 20. Let v be o(-17). Calculate the highest common divisor of v and 30.
3
Let g(x) = 4*x - 70. Let s = -78 + 99. Let l be g(s). Calculate the greatest common divisor of 35 and l.
7
Suppose 437 = 11*z + 8*z. Let i = 232 + -71. What is the highest common factor of i and z?
23
Let o = -259 - -265. Let q(s) = -s**2 + 36*s - 173. Let m be q(o). What is the greatest common divisor of m and 329?
7
Let i(m) = -781*m + 4702. Let x be i(6). Calculate the highest common factor of 74 and x.
2
Let h(y) = 2*y**3 - 80*y**2 + 359*y - 103. Let f be h(35). Calculate the highest common factor of 23956 and f.
212
Let v(r) = 419 + 7*r**2 + 2*r - 6*r**2 + 2*r**2. Let l be v(0). Suppose -l = -4*z + 49. Calculate the highest common divisor of 13 and z.
13
Let w(j) = 4*j**3 + 7*j**2 - 13*j + 5. Let z be w(2). Let p = -7 + z. Calculate the greatest common divisor of 144 and p.
16
Let o be 1*(-48)/28*(-175)/2. Calculate the greatest common factor of 2175 and o.
75
Suppose 0*d + 6 = 2*d. Suppose 0 = d*i + 4*o + 11, -4*i - 6*o + 2*o - 8 = 0. Let s = -756 - -789. What is the greatest common divisor of i and s?
3
Suppose -5*w - 13 = 12, -2*p + w = -15. Suppose g - 41 = -o, -198 = -p*g + 2*o - 0*o. Calculate the highest common factor of 8 and g.
8
Let a(q) be the second derivative of -q**4/12 + q**3 + 3*q**2/2 - 6*q. Let m = 61 + -57. Let p be a(m). What is the greatest common factor of 11 and p?
11
Let k(x) be the first derivative of 19*x**2/2 - 17*x + 106. Let p be k(1). What is the greatest common factor of 27 and p?
1
Suppose 310*b - 314*b + 12 = 0. Suppose 3*a + 8*c - 1 = 3*c, -2*a + b*c = -26. Calculate the greatest common factor of 63 and a.
7
Let w(k) = -197*k + 467. Let z be w(-20). What is the highest common divisor of 113 and z?
113
Let c(b) = -307*b - 2096. Let r be c(-17). What is the greatest common factor of 18 and r?
9
Suppose 0 = -z + 2*n + 419, -3*z + 18*n - 19*n = -1208. Suppose 17 - 2 = c. Calculate the greatest common divisor of c and z.
15
Let y(m) = -m**3 - 14*m**2 + 16*m + 16. Let f be y(-15). Suppose 2*z - 81 = z - 5*i, -f = -i. Calculate the highest common divisor of 76 and z.
76
Let z(n) = -315*n - 721. Let g(y) = -40*y - 90. Let r(o) = 49*g(o) - 6*z(o). Let b be r(-9). Calculate the highest common divisor of 78 and b.
78
Let g(b) = -6*b - 31. Let s be g(-5). Let k(u) = -24*u**3 - 3*u**2 - 4*u - 3. Let z be k(s). What is the greatest common factor of z and 209?
11
Let h = -83 - -85. Suppose 158 + 504 = h*p. Let k = -166 + p. Calculate the highest common divisor of 15 and k.
15
Let a be ((-76)/(-2))/(1 - -1). Let p be 1/(6/(-24)) - -6. Let n be (-4 - (-15)/(-20))/(p/(-8)). Calculate the highest common divisor of a and n.
19
Suppose -14*j = 109*j - 29274. Calculate the highest common divisor of j and 42.
14
Suppose 0 = 3*u - 4*c - 9528 - 3384, 12*u = 4*c + 51576. What is the greatest common divisor of 88 and u?
8
Suppose 180 = g - 5*l, -5*g - 27*l + 784 = -23*l. What is the greatest common divisor of 135 and g?
5
Let y(p) = -3*p**3 - 203*p**2 + 74*p - 158. Let s be y(-69). Calculate the highest common factor of s and 260.
260
Let t(d) = -2*d**3 - 52*d**2 + 6*d - 88. Let s be t(-27). What is the greatest common factor of 40 and s?
8
Let o = -376 + 527. Let f = o - 53. What is the greatest common divisor of f and 28?
14
Let t = -332 + 333. Let c be t/(6 + -4) - 287/(-2). Calculate the highest common factor of 32 and c.
16
Suppose 0 = s - p - 194, -5*p + 262 = -3*s + 850. Calculate the greatest common factor of 5 and s.
1
Suppose -4*k - 69 - 363 = 0. Let c = k - -123. Calculate the highest common factor of 3 and c.
3
Suppose 6580 = 16*p + 12*p. Suppose -217*g = -p*g + 162. What is the highest common divisor of 630 and g?
9
Let q(i) = 1329*i - 3895. Let f be q(4). What is the highest common factor of 58 and f?
29
Let o = -1102 + 2709. Let h = o + -936. Calculate the greatest common divisor of 122 and h.
61
Let i(y) = -y**2 + y + 2. Let l(w) = 3*w**3 + 13*w**2 - 8*w - 31. Let o(x) = -6*i(x) - l(x). Let m be o(-5). Calculate the highest common divisor of 19 and m.
19
Suppose -308 = 16*j - 852. What is the greatest common divisor of j and 10?
2
Let q(u) = -3*u**3 - 18*u**2 + 13*u + 2. Let r be q(-12). What is the greatest common divisor of 138 and r?
46
Let b be (-2 + 0)/(-1 + 2). Let s be (44/b)/((-1)/12). Suppose -284*q + 1056 = -252*q. Calculate the greatest common factor of q and s.
33
Let x = 22 + -19. Suppose 2*s - 2*m = 0, -18 = -5*s + x*m - 4*m. Calculate the highest comm